t q = m - 68. List the prime factors of q.
3, 5, 7
Suppose -5*h + 21*o - 1 = 25*o, 2*h + 6 = 4*o. Let i(c) = 533*c**2 + 18*c + 16. List the prime factors of i(h).
3, 59
Suppose 0 = 3*l + 2*l - 100. Let p = 20 - l. Suppose -2*c - y + 227 = p, 0*c = -c + 2*y + 106. List the prime factors of c.
2, 7
Let p(k) = -k**2 + 37*k. Suppose 0*u - u - 122 = -5*l, -2*u = -2*l + 52. List the prime factors of p(l).
2, 3, 13
Let v(x) = 9*x + 5*x**2 - 132 - 6*x + 160 + 9*x. What are the prime factors of v(-17)?
3, 47
Suppose 10*a - 2089166 + 555499 = -153*a. What are the prime factors of a?
97
Let m = 32116 - 15416. List the prime factors of m.
2, 5, 167
Suppose 1020240 - 2198105 = -52*w + 973999. List the prime factors of w.
2, 3, 11, 19
Let m(f) = -f**3 + 12*f**2 + 12*f - 22. Let y be m(13). Let u = y + 35. List the prime factors of 108 - 30/(-6) - (u - 3).
2, 29
Let h(y) = -26395*y**3 + 3*y**2 - y - 3. List the prime factors of h(-1).
2, 6599
Let p = -3703 - -7255. List the prime factors of p.
2, 3, 37
Suppose 5*j - 2465 = 4*w, -3*j = -4*w - 2657 + 186. Let p = -57 - w. What are the prime factors of p?
563
Suppose 8391 = 7*s - 1305 - 4045. List the prime factors of s.
13, 151
Suppose -2*c - j + 32470 + 47980 = 0, j = -4*c + 160904. What are the prime factors of c?
3, 11, 23, 53
List the prime factors of (1080758/(-170))/((-1)/2) + 12/10.
2, 11, 17
Suppose 72 = 2*t + 3*m, -55 = -t + m - 9. List the prime factors of 642 + t/6 + -3.
2, 17, 19
Suppose 17954 + 28070 = 5*t + 2*v, -9 = 3*v. List the prime factors of t.
2, 4603
Suppose l + 157 + 46 = 4*s, 0 = -4*s + 2*l + 202. Let j = -44 + s. Let f(m) = 2*m**2 - 35. List the prime factors of f(j).
3, 7
Let m(c) = -c**2 + 28*c - 18. Suppose -2*b + 67 = 61. Suppose b + 63 = 3*x. List the prime factors of m(x).
2, 3, 19
Let w be (-1 + -1)*54/(-9). Let p be (-9)/((-108)/40)*w/10. List the prime factors of p/(-18) + (-6504)/(-108) + 0.
2, 3, 5
Let c(f) = 5*f + 10. Let b be c(-10). Let q = -26 - b. Suppose 530 = q*n - 4*n. List the prime factors of n.
53
Let i(k) = 98*k + 1278. What are the prime factors of i(38)?
2, 41, 61
List the prime factors of (-8 + (-5984)/(-66))*(837/6 + 0).
2, 3, 31
Let d(g) = 88*g**2 + 41*g + 103. Suppose 0 = -6*k - 6 - 12. List the prime factors of d(k).
2, 193
Suppose -9 = -3*q, -118*w = -120*w + 4*q + 7382. What are the prime factors of w?
3697
Suppose -210*t + 880215 + 2897977 = -3581888. What are the prime factors of t?
2, 13, 337
Let k be -4 + 542 - (10/10 - -2). Suppose 10 = 2*c - 0*c. Suppose n + 428 = 5*n - 4*p, -2*p = c*n - k. What are the prime factors of n?
107
Let v be 204 - (0 + 12/6 + -3). Suppose 11 = 3*z - 13. Suppose -4*u + v = 3*l, -u - 4*l + 56 = -z*l. List the prime factors of u.
2, 13
Let g = -8150 + 7168. Let q = 309 + -1006. Let l = q - g. What are the prime factors of l?
3, 5, 19
Let q(n) = -5*n - 23. Let k be q(-17). Suppose -2 = 10*v - k. Suppose -439 - 185 = -v*l. What are the prime factors of l?
2, 13
Suppose -5*t = -5*v + 275, 5*v + 2*t = -0*v + 268. Suppose -4*o + 124 = -4*d, -4*o - v = -3*d - 177. Let r = 73 - o. What are the prime factors of r?
43
Suppose 4*w + 4*o = -0*w + 8, w = -4*o - 4. Let s be (0 - 5) + w + (-4)/4. Let y(f) = -12*f**3 - 4*f**2 - 4*f - 2. What are the prime factors of y(s)?
2, 43
List the prime factors of (-3)/3*(-3149 + -10) + 1.
2, 5, 79
Suppose -3*q = -4*i, 0 = 4*q + q + 4*i. Suppose q = -3*a + 10*a - 1022. List the prime factors of a.
2, 73
Suppose -104 = c + x, 0 = 3*c - 4*x + 65 + 219. Let s = c - -550. List the prime factors of s.
2, 3, 5
Let d(a) = a**2 - 3*a - 3. Let j be (0 - -1)/(-2)*-22. Let m be d(j). Suppose -4*s = -m + 13. List the prime factors of s.
2, 3
Let l(x) = 213*x + 45. Suppose -3*c + 14 = 5*q, -7*c + 2*c + q = -14. What are the prime factors of l(c)?
2, 3, 19
Suppose -15 = -3*k, -4*k = -u - 9 - 1. Suppose 2*b - 3*i - u = 0, -5*i = b - 8 - 10. What are the prime factors of (6*(-13)/b)/((-9)/48)?
2, 13
Suppose 0 = -14*a + 1 + 55. Let q(r) = r**2 - r - 1. Let c(j) = -3*j**3 + 9*j**2 - j - 1. Let h(n) = a*q(n) - c(n). List the prime factors of h(4).
97
Let x = -117 - -61. Let n = 112 - x. Suppose 6*o = 2*o + n. What are the prime factors of o?
2, 3, 7
Suppose -103*s + 2818540 = -25*s + 28*s. What are the prime factors of s?
2, 5, 2659
Suppose -o - 2*y = 106, 0 = o + y - 6*y + 99. Suppose -5*l - 304 = -g, 0 = -l - l + 2. Let p = o + g. List the prime factors of p.
5, 41
Suppose -5*j + 4*v = -9215, 2*j - v = 4089 - 406. What are the prime factors of j?
3, 613
Let r = -547 - -129. Let n = r + 1315. What are the prime factors of n?
3, 13, 23
Suppose -3*c + 16*c = 3562. Suppose 19*p - 715 = 14*p. Let n = c - p. List the prime factors of n.
131
Let z(f) = 8*f**3 - 9*f + 16. Let t be z(5). Suppose -2*q + 779 = -t. List the prime factors of q.
5, 7
Let s be (2 - (-2 - -14))*(-5)/10. Suppose 0 = f + 9*l - 8*l - 129, s*l - 273 = -2*f. What are the prime factors of f?
2, 31
Let o(f) = 30*f**2 + f - 3. Let x be o(2). Suppose -145 = -5*a - 5*q, -8 = 4*a - q - x. Suppose a*c + 260 = 32*c. List the prime factors of c.
5, 13
Let h = 2 - -3. Let x be 3 + 16/4 - 10/5. Suppose -p - 2*p + x*i = -62, -h*i - 33 = -2*p. List the prime factors of p.
29
Let c be -2*(-117)/(-2)*(-4)/(-12). Let s = -22 - c. Suppose 71 = 4*o - s. List the prime factors of o.
2, 11
Let v(y) = -856*y - 709. What are the prime factors of v(-36)?
7, 11, 17, 23
Suppose -3*f = -6, -2*w - 2*f + 539 = 3*w. Suppose w*x = 99*x + 7672. List the prime factors of x.
7, 137
Let j be (-74)/(-111)*24/2. Let k(a) = 70*a + 195. What are the prime factors of k(j)?
5, 151
Suppose -31103 + 75697 = 5*d - 63256. List the prime factors of d.
2, 3, 5, 719
Let y(p) = 2030*p**2 + 517*p - 1. What are the prime factors of y(4)?
179, 193
Let x = -41739 + 95871. What are the prime factors of x?
2, 3, 13, 347
Let z = -3180 - -4402. List the prime factors of z.
2, 13, 47
Let r(w) = -5 + 0*w + 0*w + 2*w**2 + 4*w. Suppose -226*y + 228*y + 28 = 2*k, 0 = -3*y - 3*k - 18. List the prime factors of r(y).
5, 31
Suppose 172*p = 175*p - 2235. Suppose 2*g = -3*r + 1486, -4*g = r + 243 - p. What are the prime factors of r?
2, 13, 19
Suppose 19*v - 123920 - 273959 = 0. List the prime factors of v.
43, 487
Let i be (16/6)/((-12)/(-54)). Suppose -i + 44 = 4*x. List the prime factors of (-2)/x + (-722)/(-8).
2, 3, 5
Suppose -77*b + 78*b = 3*c + 2804, 3*b - 8477 = -4*c. What are the prime factors of b?
2819
Let k(m) = -114*m - 1613. List the prime factors of k(-28).
1579
Let z = 6439 - 4313. What are the prime factors of z?
2, 1063
Let o be ((-6062 - -2)/6)/(4/(-2)). Let d = o + -252. List the prime factors of d.
11, 23
Let c(i) = 78*i**2 + 292*i - 19. List the prime factors of c(12).
14717
Let o = 13 - -5. Let w be (18/(-9))/(1/o). Let s = 114 + w. List the prime factors of s.
2, 3, 13
Let o be 6936/45 - -5 - 6/45. Let s = o - -437. List the prime factors of s.
2, 149
Let m(s) be the third derivative of 71/3*s**3 + 0 + 0*s - 1/12*s**4 - 24*s**2 + 1/60*s**5. What are the prime factors of m(0)?
2, 71
Let f(q) = 27*q**2 - 2*q + 1. Let d be f(-2). Let v(o) = -13*o**3 + d - 110 + o**2 + 4*o**3 + o. List the prime factors of v(-2).
7, 11
Suppose 7 = -2*q - 5*l, l + 4 = -5*q + 2*q. Let j be -4*(30/3)/q. What are the prime factors of (j/(-50))/(27/(-25) - -1)?
2, 5
Let h = 332 + -332. Suppose v - 3073 = -h*g - 2*g, 3*g - 4609 = -2*v. What are the prime factors of g?
29, 53
What are the prime factors of ((11/1 - 3) + -3)*112576/64?
5, 1759
Let z = 40010 - 22910. List the prime factors of z.
2, 3, 5, 19
Let c(j) = -6*j - 14. Let n be c(0). What are the prime factors of ((-598)/(-4))/(n/(-28))?
13, 23
Suppose 4*z + 2*d + 380 - 14 = 0, 5*z + 3*d = -455. Let k = 240 - z. List the prime factors of k.
2, 167
Let j(b) be the third derivative of 2*b**5/15 - 19*b**4/24 - b**3/6 - 89*b**2. What are the prime factors of j(8)?
359
Let h(c) = -c. Let y be h(-2). Suppose 20*z = y*z + 3222. What are the prime factors of z?
179
Suppose 0 = -229*i + 219*i. Suppose i = 16*x - 5823 - 13425. What are the prime factors of x?
3, 401
Let y(g) = -g**2 + 4*g + 9. Let k be y(0). Suppose -k*b = -3*b - 12. Suppose b*r = 62 + 250. What are the prime factors of r?
2, 3, 13
Suppose p = g - 4*g - 5, -4*g = 5*p + 14. Let m(y) = 38*y**2 + 5*y + 14.